t d be k(-2). Suppose p - 2*l = d*l + 9, -2*p = l - 18. What is the remainder when p is divided by 5?
4
Let q be (160/(-12))/((-6)/27). What is the remainder when 2 + 7/(14/q) is divided by 11?
10
Suppose 2 - 6 = -2*s. Suppose 3*x = -6, -n + 11 = -s*x - 7. Let p = -73 + 113. What is the remainder when p is divided by n?
12
Let f(x) = -5*x - 4. Let a(q) = q + q + 3 + 2*q. Let v(o) = 3*a(o) + 2*f(o). What is the remainder when 5 is divided by v(1)?
2
Suppose 3*p + 19 = 2*a - 0*p, a - 2 = 4*p. Let t = -21 + a. Let f(h) = h**2 + 4*h - 2. What is the remainder when 56 is divided by f(t)?
18
What is the remainder when 37 is divided by 3/(-9) + 80/6?
11
Let k be (-50)/(-5)*(-2)/(-4). Calculate the remainder when (2 - -16) + -4 + k is divided by 5.
4
Let v(z) = 11*z - 2. Let c be v(3). Suppose -5*m + t + 59 = 0, -c = -3*m - 2*t - 6. What is the remainder when m is divided by (6/5)/(6/15)?
2
Let j = -22 + 28. Suppose -3 = -2*y - 0*y + 3*f, -2*y - 5*f + 11 = 0. Let t = j + y. What is the remainder when t is divided by 5?
4
Suppose v - 9 = 4*v, 0 = 3*l - 3*v - 54. Calculate the remainder when (-1 - -4)*88/6 is divided by -6*(l/(-6) + 0).
14
Calculate the remainder when (-6)/(-9) + (-236)/(-6) is divided by 17.
6
Let i = 32 - 17. Calculate the remainder when 59 is divided by i.
14
Let z = -5 + 8. Suppose a + z = 5*u, -3 = -4*a + 5. What is the remainder when (0 - (-2)/1)/1 is divided by u?
0
Let l = -7 - -11. Suppose i = l - 1. Calculate the remainder when 27 is divided by (-120)/(-9) - (-2)/i.
13
Let y(s) be the second derivative of 5*s**4/4 + s**2/2 + 2*s. What is the remainder when y(-1) is divided by 122/14 + (-4)/(-14)?
7
Let p be (3/2)/(1/2). Let y be 24/84*(6 - -1). Suppose -14 = -p*t - y. Calculate the remainder when t is divided by 3.
1
Let a(l) = -2*l. Let k be a(6). Calculate the remainder when (20/k)/((-1)/18) is divided by 8.
6
Let r(t) = t**2 - 3*t + 3. Let g(i) = 2*i**2 - 2*i - 6. What is the remainder when g(-3) is divided by r(4)?
4
Suppose -4*v + 21 = j, -4*v = -5*j + 6 + 3. Let k(o) = -3*o - 2*o + v*o + 15. Calculate the remainder when k(0) is divided by 8.
7
Suppose 3*h - 4*g + g - 36 = 0, 2*h + 2*g - 12 = 0. Suppose -2*f - h = 4*b + 1, 0 = 3*f + b. Let d = 33 + f. Calculate the remainder when d is divided by 18.
16
Let j = 9 - -8. What is the remainder when 885/27 + (-4)/(-18) is divided by j?
16
Let y = 76 - 8. Suppose 5*k = -5*t + 58 + 42, t - 38 = 5*k. What is the remainder when y is divided by t?
22
Suppose 5*v - 34 - 106 = 0. What is the remainder when 110 is divided by v?
26
Let b(h) = 2*h**3 - h**3 - h - 8*h**3 + 0*h**3 - 3*h**2. Let i be 3/(0 + (-6)/4). Calculate the remainder when b(i) is divided by 16.
14
Suppose 15 = 2*d + d. Let g = d + 3. Calculate the remainder when 13 is divided by g.
5
Suppose 0 = -4*t - 31 - 49. Let i = 25 + t. Calculate the remainder when (3 + 0)*(-42)/(-9) is divided by i.
4
Let u(k) = -k + 12. Calculate the remainder when 49 is divided by u(-1).
10
Let r be (-9)/18 - 70/(-4). Suppose r + 12 = 3*f - 2*s, -f - s = -18. What is the remainder when f is divided by 7?
6
Suppose -2*u + z - 326 = -7*u, 5*u - 342 = 3*z. Calculate the remainder when u is divided by 23.
20
Suppose -i + 3 = 2*l, 1 + 2 = i + 4*l. Suppose 0 = i*w - 4*y - 27, -4*w + y = 2*y - 17. Calculate the remainder when 13 is divided by w.
3
Suppose -6 = -y - 1. Suppose -y*l = 2*m - 65, 57 = 4*l + 2*m + 5. What is the remainder when l is divided by 4?
1
Let p = -16 + 29. Let d = 0 - 2. Calculate the remainder when (-1638)/(-66) - d/11 is divided by p.
12
Suppose 4*m = -5*x + 34, -36 = -2*x + 2*m + 2*m. Suppose 5*s - 186 = 4*p + 39, 2*p - 3*s = -111. Let z = -32 - p. What is the remainder when z is divided by x?
8
Let m(n) = -n**3 + 2*n**2 + 2*n + 4. Calculate the remainder when 83 is divided by m(-3).
40
Suppose 1 = 3*m + 3*r + 2*r, -2*m + 6 = -2*r. Let k be 7/4 + 3/12. Suppose 5*d = k*h - 6 + 16, -h + 2 = d. What is the remainder when m is divided by d?
0
Let q(m) = -13*m - 3. Let g be -3 + 11 + -3 + 0. Suppose -38 - 41 = -g*h + 2*a, -3*a - 59 = -4*h. Calculate the remainder when q(-4) is divided by h.
15
Let l be (-20)/5*61/(-4). Let f = -41 + l. What is the remainder when 77 is divided by f?
17
Suppose 0*i + i = 0. Suppose i = -c - 2*c + 72. Calculate the remainder when 94 is divided by c.
22
Let z = 42 - 12. Suppose 2*x - z - 6 = 0. What is the remainder when 53 is divided by x?
17
Suppose -w + 5*q = -4*w + 73, 0 = -4*w - 2*q + 74. Suppose 3*v = w + 26. What is the remainder when 53 is divided by v?
11
Suppose -s = -4*w - 46, w + 116 = 2*s + 5*w. Suppose 5*q + 39 = 4*t, -q + 10 = t - 2*q. Calculate the remainder when s is divided by t.
10
Let z(n) = n + 3. Calculate the remainder when (-2)/(-4) + (-2)/(-4) is divided by z(-2).
0
Suppose 16 - 67 = -3*o. Let w(b) = 66*b**2 + 1. Calculate the remainder when w(-1) is divided by o.
16
Let p = -48 - -87. Let j = 81 + p. Suppose -3*t - 2*y - 18 + j = 0, -102 = -3*t + y. What is the remainder when t is divided by 12?
10
Suppose -5*d + h = -104, 0*d - 2*d = -4*h - 56. Suppose 2*s = 188 - 30. What is the remainder when s is divided by d?
19
Let c(g) = g**3 + 8*g**2 - 4*g - 4. Let l be c(-4). Suppose -y - y + 8 = 0, 2*z + l = 4*y. What is the remainder when 23 is divided by (8/10)/((-3)/z)?
7
Let c = 76 + -50. Let s = c - 3. Suppose 5*a - 3 + s = 0, -2*b = 4*a - 36. What is the remainder when b is divided by 9?
8
Suppose -3*p + 99 = y + 26, 0 = -3*p + 15. Calculate the remainder when y is divided by 15.
13
Suppose -219 = -4*a - 55. Suppose 34 = 4*s - 22. Calculate the remainder when a is divided by s.
13
Suppose -4*o + 640 = -0*o. Suppose 0 = 3*v + c - o, 2*v - 4*c = -2*v + 240. Let q = v + -31. Calculate the remainder when q is divided by 13.
11
Suppose x + 28 + 25 = 0. Let g = 171 + x. What is the remainder when g is divided by 30?
28
Let f be -1*2 - (-14)/2. Suppose -4*o - 2*i = -132, -i - i = f*o - 163. Let c = 24 + -13. Calculate the remainder when o is divided by c.
9
Suppose -c + 31 = 3*l - l, 5*c = 3*l + 168. Suppose -k + 3 = -14. What is the remainder when c is divided by k?
16
What is the remainder when 9 is divided by 14/(-35) - (-17)/5?
0
Let z = 71 - 30. What is the remainder when 119 is divided by z?
37
Let g = -285 + 106. Let x = 271 + g. Calculate the remainder when x is divided by 31.
30
Suppose 0 = -4*h + 4*n - 24, 4*h + 3*n = h. Calculate the remainder when 44 + 3/(h/2) is divided by 11.
9
Suppose -55 = q - 0*q. Let z = -32 - q. Calculate the remainder when z is divided by 12.
11
Suppose 0*g = -g. Calculate the remainder when 25 is divided by (-1 - g - -4)*3.
7
Let h(c) = 6*c + 1. Let v be h(1). Suppose -n - 13 = -3*d + 6*d, v = n - d. What is the remainder when 9 is divided by (-2)/n*(5 + -8)?
0
Let i = -13 - -28. Calculate the remainder when 72 is divided by i.
12
What is the remainder when (-33)/(-1) - (-16 + 20) is divided by 16?
13
Calculate the remainder when (-30)/(-9)*21/2 is divided by 12.
11
Suppose 4*n - u - 72 = -3*u, 0 = -u + 4. Suppose 0*l = -l + n. Let z = -12 + 18. What is the remainder when l is divided by z?
4
Suppose 2*v + 136 = 3*q + 3*v, -q = -5*v - 24. Let a(w) = w**2 + w + 3. What is the remainder when q is divided by a(-4)?
14
What is the remainder when 148 is divided by ((-2)/(-8))/(7/700)?
23
Let n = 8 + -2. What is the remainder when 21 is divided by n?
3
Suppose y - u - 12 = -0*y, 5*u - 52 = -3*y. Suppose -13 = -a + y. Calculate the remainder when a is divided by 15.
12
Suppose -q + 3*q - 60 = 5*u, 4*q = 5*u + 110. Calculate the remainder when 48 is divided by q.
23
Let z(g) = 4*g**2 - 2*g + 1. Let n = 3 + 3. Calculate the remainder when z(3) is divided by (-46)/(-4) + (-3)/n.
9
Suppose 5*r = 4*f + r - 292, -4*f = 4*r - 260. What is the remainder when f is divided by 14?
13
Suppose 157 = 5*s - 38. Suppose -6*o = -o - 100. Calculate the remainder when s is divided by o.
19
Let w = 21 + -4. Calculate the remainder when w is divided by 10.
7
Let i(y) = -y + 3. Let a be i(7). Calculate the remainder when 25 is divided by 11 + 5/((-10)/a).
12
Suppose 2*v - 167 = -3*a, -v + 6*v = -4*a + 414. What is the remainder when v is divided by 28?
26
Suppose -2*w = -0*w + 5*y - 9, -1 = -w + y. Suppose -w*k = 6, -k - k + 39 = 5*d. What is the remainder when 34 is 